{"id":85,"date":"2013-05-27T19:40:44","date_gmt":"2013-05-27T17:40:44","guid":{"rendered":"http:\/\/s471601251.mialojamiento.es\/?page_id=85"},"modified":"2021-11-01T17:11:01","modified_gmt":"2021-11-01T16:11:01","slug":"bienvenida","status":"publish","type":"page","link":"https:\/\/afalcala.com.es\/?page_id=85","title":{"rendered":"Bienvenida"},"content":{"rendered":"<h2 style=\"text-align: center;\">\u00a1\u00a1Hola!!<\/h2>\n<h2 style=\"text-align: center;\">Bienvenido a www.afalcala.com.es la p\u00e1gina web de la Asociaci\u00f3n Fotogr\u00e1fica Alcalare\u00f1a.<\/h2>\n<p style=\"text-align: center;\">Si eres de Alcal\u00e1 de Guadaira y sus cercan\u00edas, si estabas buscando gente con la fotograf\u00eda metida en la cabeza, si quieres divertirte en excursiones, cursos y tertulias sobre el mundo de la imagen, est\u00e1s de suerte, nos acabas de encontrar\u2026 o quiz\u00e1 nosotros te hayamos encontrado a ti.<\/p>\n<p style=\"text-align: center;\">Te agradecemos un mont\u00f3n el tiempo que espero vayas a emplear en fundirte con nuestras im\u00e1genes que en resumidas cuentas son momentos vividos por nosotros y que ahora te los ofrecemos y compartimos contigo.<\/p>\n<p style=\"text-align: center;\">Pasa y disfruta, por lo menos la mitad, de lo que lo hemos hecho nosotros haciendo \u00e9stas fotos.<\/p>\n<h3 style=\"text-align: center;\">Gracias por tu visita&#8230;<\/h3>\n<p><img loading=\"lazy\" decoding=\"async\" class=\"aligncenter\" src=\"http:\/\/s471601251.mialojamiento.es\/wp-content\/uploads\/2013\/05\/tribal-300x70.jpg\" alt=\"tribal\" width=\"300\" height=\"70\"><\/p>\n","protected":false},"excerpt":{"rendered":"<p>\u00a1\u00a1Hola!! Bienvenido a www.afalcala.com.es la p\u00e1gina web de la Asociaci\u00f3n Fotogr\u00e1fica Alcalare\u00f1a. Si eres de Alcal\u00e1 de Guadaira y sus cercan\u00edas, si estabas buscando gente con la fotograf\u00eda metida en la cabeza, si quieres divertirte en excursiones, cursos y tertulias sobre el mundo de la imagen, est\u00e1s de suerte, nos acabas de encontrar\u2026 o quiz\u00e1 [&hellip;]<\/p>\n","protected":false},"author":1,"featured_media":0,"parent":0,"menu_order":0,"comment_status":"closed","ping_status":"open","template":"","meta":{"ngg_post_thumbnail":0,"footnotes":""},"class_list":["post-85","page","type-page","status-publish","hentry"],"_links":{"self":[{"href":"https:\/\/afalcala.com.es\/index.php?rest_route=\/wp\/v2\/pages\/85","targetHints":{"allow":["GET"]}}],"collection":[{"href":"https:\/\/afalcala.com.es\/index.php?rest_route=\/wp\/v2\/pages"}],"about":[{"href":"https:\/\/afalcala.com.es\/index.php?rest_route=\/wp\/v2\/types\/page"}],"author":[{"embeddable":true,"href":"https:\/\/afalcala.com.es\/index.php?rest_route=\/wp\/v2\/users\/1"}],"replies":[{"embeddable":true,"href":"https:\/\/afalcala.com.es\/index.php?rest_route=%2Fwp%2Fv2%2Fcomments&post=85"}],"version-history":[{"count":2,"href":"https:\/\/afalcala.com.es\/index.php?rest_route=\/wp\/v2\/pages\/85\/revisions"}],"predecessor-version":[{"id":4491,"href":"https:\/\/afalcala.com.es\/index.php?rest_route=\/wp\/v2\/pages\/85\/revisions\/4491"}],"wp:attachment":[{"href":"https:\/\/afalcala.com.es\/index.php?rest_route=%2Fwp%2Fv2%2Fmedia&parent=85"}],"curies":[{"name":"wp","href":"https:\/\/api.w.org\/{rel}","templated":true}]}}