{"id":3900,"date":"2019-05-25T00:00:11","date_gmt":"2019-05-24T22:00:11","guid":{"rendered":"http:\/\/afalcala.com.es\/?page_id=3900"},"modified":"2019-12-01T22:17:28","modified_gmt":"2019-12-01T21:17:28","slug":"retos-2019","status":"publish","type":"page","link":"https:\/\/afalcala.com.es\/?page_id=3900","title":{"rendered":"Retos 2019"},"content":{"rendered":"\n<p> Reto Noviembre: Oto\u00f1o<\/p>\n\n\n\n<figure class=\"wp-block-image\"><img loading=\"lazy\" decoding=\"async\" width=\"850\" height=\"564\" src=\"http:\/\/afalcala.com.es\/wp-content\/uploads\/2019\/12\/Iluminada-copia.jpg\" alt=\"\" class=\"wp-image-4648\" srcset=\"https:\/\/afalcala.com.es\/wp-content\/uploads\/2019\/12\/Iluminada-copia.jpg 850w, https:\/\/afalcala.com.es\/wp-content\/uploads\/2019\/12\/Iluminada-copia-213x141.jpg 213w, https:\/\/afalcala.com.es\/wp-content\/uploads\/2019\/12\/Iluminada-copia-768x510.jpg 768w, https:\/\/afalcala.com.es\/wp-content\/uploads\/2019\/12\/Iluminada-copia-150x100.jpg 150w, https:\/\/afalcala.com.es\/wp-content\/uploads\/2019\/12\/Iluminada-copia-120x80.jpg 120w, https:\/\/afalcala.com.es\/wp-content\/uploads\/2019\/12\/Iluminada-copia-180x120.jpg 180w\" sizes=\"auto, (max-width: 850px) 100vw, 850px\" \/><figcaption>Ganador: Lidia S\u00e1nchez &#8212; T\u00edtulo: Iluminada<\/figcaption><\/figure>\n\n\n\n<p>Reto Octubre: Macrophotography<\/p>\n\n\n\n<figure class=\"wp-block-image\"><img loading=\"lazy\" decoding=\"async\" width=\"850\" height=\"567\" src=\"http:\/\/afalcala.com.es\/wp-content\/uploads\/2019\/11\/Mariposa-web2.jpg\" alt=\"\" class=\"wp-image-4636\" srcset=\"https:\/\/afalcala.com.es\/wp-content\/uploads\/2019\/11\/Mariposa-web2.jpg 850w, https:\/\/afalcala.com.es\/wp-content\/uploads\/2019\/11\/Mariposa-web2-211x141.jpg 211w, https:\/\/afalcala.com.es\/wp-content\/uploads\/2019\/11\/Mariposa-web2-768x512.jpg 768w, https:\/\/afalcala.com.es\/wp-content\/uploads\/2019\/11\/Mariposa-web2-150x100.jpg 150w, https:\/\/afalcala.com.es\/wp-content\/uploads\/2019\/11\/Mariposa-web2-120x80.jpg 120w, https:\/\/afalcala.com.es\/wp-content\/uploads\/2019\/11\/Mariposa-web2-180x120.jpg 180w\" sizes=\"auto, (max-width: 850px) 100vw, 850px\" \/><figcaption>Ganador: Antonio Redondo &#8212; T\u00edtulo: Mariposa<\/figcaption><\/figure>\n\n\n\n<p>Reto Junio: Street Photo<\/p>\n\n\n\n<figure class=\"wp-block-image\"><img loading=\"lazy\" decoding=\"async\" width=\"854\" height=\"569\" src=\"http:\/\/afalcala.com.es\/wp-content\/uploads\/2019\/07\/\u00a1Co\u0301mprame-algo.jpg\" alt=\"\" class=\"wp-image-4587\" srcset=\"https:\/\/afalcala.com.es\/wp-content\/uploads\/2019\/07\/\u00a1Co\u0301mprame-algo.jpg 854w, https:\/\/afalcala.com.es\/wp-content\/uploads\/2019\/07\/\u00a1Co\u0301mprame-algo-212x141.jpg 212w, https:\/\/afalcala.com.es\/wp-content\/uploads\/2019\/07\/\u00a1Co\u0301mprame-algo-768x512.jpg 768w, https:\/\/afalcala.com.es\/wp-content\/uploads\/2019\/07\/\u00a1Co\u0301mprame-algo-150x100.jpg 150w, https:\/\/afalcala.com.es\/wp-content\/uploads\/2019\/07\/\u00a1Co\u0301mprame-algo-120x80.jpg 120w, https:\/\/afalcala.com.es\/wp-content\/uploads\/2019\/07\/\u00a1Co\u0301mprame-algo-180x120.jpg 180w\" sizes=\"auto, (max-width: 854px) 100vw, 854px\" \/><figcaption>  Ganador: Olga Rivera.  &#8212;  T\u00edtulo:   \u00a1\u00a1C\u00f3mprame algo!!!<\/figcaption><\/figure>\n\n\n\n<p>Reto Mayo: Texturas<\/p>\n\n\n\n<figure class=\"wp-block-image\"><img loading=\"lazy\" decoding=\"async\" width=\"850\" height=\"587\" src=\"http:\/\/afalcala.com.es\/wp-content\/uploads\/2019\/05\/espuma-salmorejo-perejil-1.jpg\" alt=\"\" class=\"wp-image-4380\" srcset=\"https:\/\/afalcala.com.es\/wp-content\/uploads\/2019\/05\/espuma-salmorejo-perejil-1.jpg 850w, https:\/\/afalcala.com.es\/wp-content\/uploads\/2019\/05\/espuma-salmorejo-perejil-1-204x141.jpg 204w, https:\/\/afalcala.com.es\/wp-content\/uploads\/2019\/05\/espuma-salmorejo-perejil-1-768x530.jpg 768w\" sizes=\"auto, (max-width: 850px) 100vw, 850px\" \/><figcaption>  Ganador: Juan Toronjo.  &#8212;  T\u00edtulo:   Espuma de salmorejo y perejil.<\/figcaption><\/figure>\n\n\n\n<p>\nReto Abril: Contraluces\n\n<\/p>\n\n\n\n<figure class=\"wp-block-image\"><img loading=\"lazy\" decoding=\"async\" width=\"1134\" height=\"756\" src=\"http:\/\/afalcala.com.es\/wp-content\/uploads\/2019\/04\/al-vuelo.jpg\" alt=\"\" class=\"wp-image-4062\" srcset=\"https:\/\/afalcala.com.es\/wp-content\/uploads\/2019\/04\/al-vuelo.jpg 1134w, https:\/\/afalcala.com.es\/wp-content\/uploads\/2019\/04\/al-vuelo-250x167.jpg 250w, https:\/\/afalcala.com.es\/wp-content\/uploads\/2019\/04\/al-vuelo-768x512.jpg 768w, https:\/\/afalcala.com.es\/wp-content\/uploads\/2019\/04\/al-vuelo-150x100.jpg 150w, https:\/\/afalcala.com.es\/wp-content\/uploads\/2019\/04\/al-vuelo-120x80.jpg 120w\" sizes=\"auto, (max-width: 1134px) 100vw, 1134px\" \/><figcaption> Ganador: Juan Toronjo. &#8212;  T\u00edtulo:  Al vuelo<\/figcaption><\/figure>\n\n\n\n<p>Reto Marzo: Marco Natural<\/p>\n\n\n\n<figure class=\"wp-block-image\"><img loading=\"lazy\" decoding=\"async\" width=\"850\" height=\"583\" src=\"http:\/\/afalcala.com.es\/wp-content\/uploads\/2016\/07\/reto-Marzo-Visor-r\u00fastico.jpg\" alt=\"\" class=\"wp-image-3937\" srcset=\"https:\/\/afalcala.com.es\/wp-content\/uploads\/2016\/07\/reto-Marzo-Visor-r\u00fastico.jpg 850w, https:\/\/afalcala.com.es\/wp-content\/uploads\/2016\/07\/reto-Marzo-Visor-r\u00fastico-250x171.jpg 250w, https:\/\/afalcala.com.es\/wp-content\/uploads\/2016\/07\/reto-Marzo-Visor-r\u00fastico-768x527.jpg 768w\" sizes=\"auto, (max-width: 850px) 100vw, 850px\" \/><figcaption>Ganador: Lidia S\u00e1nchez. &#8212; T\u00edtulo: Visor R\u00fastico<\/figcaption><\/figure>\n\n\n\n<p>Reto Febrero: Arquitectura<\/p>\n\n\n\n<figure class=\"wp-block-image\"><img loading=\"lazy\" decoding=\"async\" width=\"1090\" height=\"727\" src=\"http:\/\/afalcala.com.es\/wp-content\/uploads\/2019\/04\/RETO-FEBRERO-10.jpg\" alt=\"\" class=\"wp-image-3931\" srcset=\"https:\/\/afalcala.com.es\/wp-content\/uploads\/2019\/04\/RETO-FEBRERO-10.jpg 1090w, https:\/\/afalcala.com.es\/wp-content\/uploads\/2019\/04\/RETO-FEBRERO-10-250x167.jpg 250w, https:\/\/afalcala.com.es\/wp-content\/uploads\/2019\/04\/RETO-FEBRERO-10-768x512.jpg 768w, https:\/\/afalcala.com.es\/wp-content\/uploads\/2019\/04\/RETO-FEBRERO-10-150x100.jpg 150w, https:\/\/afalcala.com.es\/wp-content\/uploads\/2019\/04\/RETO-FEBRERO-10-120x80.jpg 120w\" sizes=\"auto, (max-width: 1090px) 100vw, 1090px\" \/><figcaption>Ganador: Roberto Rogelio. &#8212; T\u00edtulo: Esquinas<\/figcaption><\/figure>\n","protected":false},"excerpt":{"rendered":"<p>Reto Noviembre: Oto\u00f1o Reto Octubre: Macrophotography Reto Junio: Street Photo Reto Mayo: Texturas Reto Abril: Contraluces Reto Marzo: Marco Natural Reto Febrero: Arquitectura<\/p>\n","protected":false},"author":5,"featured_media":0,"parent":95,"menu_order":0,"comment_status":"closed","ping_status":"closed","template":"","meta":{"ngg_post_thumbnail":0,"footnotes":""},"class_list":["post-3900","page","type-page","status-publish","hentry"],"_links":{"self":[{"href":"https:\/\/afalcala.com.es\/index.php?rest_route=\/wp\/v2\/pages\/3900","targetHints":{"allow":["GET"]}}],"collection":[{"href":"https:\/\/afalcala.com.es\/index.php?rest_route=\/wp\/v2\/pages"}],"about":[{"href":"https:\/\/afalcala.com.es\/index.php?rest_route=\/wp\/v2\/types\/page"}],"author":[{"embeddable":true,"href":"https:\/\/afalcala.com.es\/index.php?rest_route=\/wp\/v2\/users\/5"}],"replies":[{"embeddable":true,"href":"https:\/\/afalcala.com.es\/index.php?rest_route=%2Fwp%2Fv2%2Fcomments&post=3900"}],"version-history":[{"count":46,"href":"https:\/\/afalcala.com.es\/index.php?rest_route=\/wp\/v2\/pages\/3900\/revisions"}],"predecessor-version":[{"id":4651,"href":"https:\/\/afalcala.com.es\/index.php?rest_route=\/wp\/v2\/pages\/3900\/revisions\/4651"}],"up":[{"embeddable":true,"href":"https:\/\/afalcala.com.es\/index.php?rest_route=\/wp\/v2\/pages\/95"}],"wp:attachment":[{"href":"https:\/\/afalcala.com.es\/index.php?rest_route=%2Fwp%2Fv2%2Fmedia&parent=3900"}],"curies":[{"name":"wp","href":"https:\/\/api.w.org\/{rel}","templated":true}]}}