{"id":210,"date":"2013-05-29T16:45:22","date_gmt":"2013-05-29T14:45:22","guid":{"rendered":"http:\/\/afalcala.com.es\/?page_id=210"},"modified":"2021-03-04T19:18:10","modified_gmt":"2021-03-04T18:18:10","slug":"hazte-socio","status":"publish","type":"page","link":"https:\/\/afalcala.com.es\/?page_id=210","title":{"rendered":"Hazte Soc\u00edo"},"content":{"rendered":"<h2 style=\"text-align: center;\">\u00bf Quieres hacerte soc\u00edo de A.F.A.?<\/h2>\n<h2>\u00bfQuieres hacerte socio de A.F.A.?<\/h2>\n<p>\u00bfQu\u00e9 es A.F.A.?<\/p>\n<p>Son las siglas de Asociaci\u00f3n Fotogr\u00e1fica Alcalare\u00f1a. Asociaci\u00f3n creada el 25 de Julio del a\u00f1o 2008 para fomentar, exponer y apoyar el desarrollo de la fotograf\u00eda en Alcal\u00e1 de Guadaira (Art\u00edculo 3\u00ba de los Estatutos de la Asociaci\u00f3n), con lo que ya llevamos algunos a\u00f1os.<\/p>\n<p>\u00bfPara qu\u00e9 sirve?<\/p>\n<p>Principalmente para estar en contacto con gente con las mismas inquietudes y pasiones, la fotograf\u00eda. Compartiendo todos nuestros conocimientos y aprendiendo los unos de los otros. Aqu\u00ed no importa con que c\u00e1mara trabajes, si no lo mucho que te guste la fotograf\u00eda<\/p>\n<p>\u00bfQu\u00e9 hacemos?<\/p>\n<p>Organizamos cursos, talleres, exposiciones, concursos, salidas fotogr\u00e1ficas, vistas a exposiciones itinerantes, etc. Entre todos estos eventos queremos destacar nuestro famoso Rally Fotogr\u00e1fico y nuestro concurso de Semana Santa Alcalare\u00f1a, siempre con grandes premios y pas\u00e1ndolo en grande. Y sobre todo desarrollamos nuestros conocimientos fotogr\u00e1ficos al charlar y compartir materiales con otros socios y amigos.<\/p>\n<p>\u00bfC\u00f3mo me apunto?<\/p>\n<p><u>Socio Nuevo:<\/u> Debes descargarte la hoja de inscripci\u00f3n y cumplimentarla. Una vez hecho esto m\u00e1ndala por mail al correo&nbsp; <a href=\"mailto:info@afalcala.com.es\">web<\/a><a href=\"mailto:info@afalcala.com.es\">afalcala<\/a><a href=\"mailto:info@afalcala.com.es\">@gmail.com<\/a> indicando en el asunto NUEVO SOCIO.<\/p>\n<p><u>Socio antiguo:<\/u> S\u00ed por alguna raz\u00f3n te diste de baja y quieres unirte de nuevo, debes estar al corriente de pago de cualquier cuota que se pudiera haber quedado atrasada en el momento de la baja. Desc\u00e1rgate la hoja de inscripci\u00f3n, cumplim\u00e9ntala y m\u00e1ndala al mail <a href=\"mailto:info@afalcala.com.es\">web<\/a><a href=\"mailto:info@afalcala.com.es\">afalcala<\/a><a href=\"mailto:info@afalcala.com.es\">@gmail.com<\/a> &nbsp;indicando en el asunto REINGRESO SOCIO ANTIGUO<\/p>\n<p>\u00bfCu\u00e1nto cuesta?<\/p>\n<p>La cuota anual para pertenecer a la asociaci\u00f3n es de 50\u20ac a pagar por domiciliaci\u00f3n bancaria. La cuota&nbsp; para los nuevos socios var\u00eda en funci\u00f3n de su mes de ingreso:<\/p>\n<p>-Alta en la Asociaci\u00f3n de Enero a Agosto&nbsp;&nbsp;&nbsp;&nbsp;&nbsp;&nbsp;&nbsp;&nbsp;&nbsp;&nbsp;&nbsp;&nbsp;&nbsp;&nbsp;&nbsp;&nbsp;&nbsp;&nbsp;&nbsp;&nbsp;&nbsp;&nbsp;&nbsp;&nbsp;&nbsp;&nbsp;&nbsp; 50 \u20ac<\/p>\n<p>-Alta en la Asociaci\u00f3n de Septiembre a Diciembre&nbsp;&nbsp;&nbsp;&nbsp;&nbsp;&nbsp;&nbsp;&nbsp;&nbsp;&nbsp;&nbsp;&nbsp;&nbsp; 30 \u20ac<\/p>\n<p>Los datos para la transferencia o ingreso son los siguientes:<\/p>\n<p>N\u00ba CUENTA CAIXA&nbsp; ES52 2100 8429 0122 0020 5696<\/p>\n<p>Concepto: Alta cuota AFA tu Nombre y apellidos<\/p>\n<p>En cuanto est\u00e9 el pago y la solicitud procederemos a darte de alta como socio de AFA<\/p>\n<p>Debes cumplimentar la <a href=\"http:\/\/afalcala.com.es\/wp-content\/uploads\/2021\/03\/210403-solicitud-Inscripcion-socio-AFA.pdf\">solicitud nuevo socio<\/a>&nbsp;y remitirnos por correo electr\u00f3nico a&nbsp;&nbsp; <a href=\"mailto:webafalcala@gmail.com\">webafalcala@gmail.com<\/a> &nbsp;<\/p>\n<p>Es <u>IMPRESCINDIBLE<\/u> tu n\u00famero de cuenta bancaria para poder darte de alta como socio.<\/p>\n<p>El primer ingreso lo debes realizar t\u00fa y las dem\u00e1s cuotas anuales quedar\u00e1n domiciliadas por el banco.<\/p>\n<p>Una vez abonado el importe que corresponda, te daremos de alta en nuestros foros, grupos de Whatsapp, Facebook, Telegram, etc Mediante los cuales os mantendremos informados de nuestros eventos (salidas, talleres, cursos, etc).<\/p>\n<p>&nbsp;<\/p>\n<p>\u00bfDe qu\u00e9 me beneficio?<\/p>\n<p>En este link tendras toda la informaci\u00f3n. <a href=\"http:\/\/afalcala.com.es\/wp-content\/uploads\/2021\/03\/210304-info-alta-nuevo-socio.pdf\"> Info nuevo socio<\/a><\/p>\n<p>Este peque\u00f1o grupo que en sus principios contaba con 6 o 7 personas, lo formamos ahora m\u00e1s de 110&nbsp;aficionados, aumentando su n\u00famero continuamente de forma constante y progresiva.<\/p>\n<p>Si te gusta la fotograf\u00eda y eres de Alcal\u00e1 o sus alrededores, no lo dudes\u2026 \u00a1Ap\u00fantate, todos ganaremos con tu presencia y t\u00fa el primero!&nbsp; Te estamos esperando.<\/p>\n<p>Dudas y consultas:&nbsp;<a href=\"mailto:info@afalcala.com.es\">web<\/a><a href=\"mailto:info@afalcala.com.es\">afalcala<\/a><a href=\"mailto:info@afalcala.com.es\">@gmail.com<\/a><\/p>\n<p>Saludos.<\/p>\n<p>&nbsp;<\/p>\n\n\n<p><\/p>\n","protected":false},"excerpt":{"rendered":"<p>\u00bf Quieres hacerte soc\u00edo de A.F.A.? \u00bfQuieres hacerte socio de A.F.A.? \u00bfQu\u00e9 es A.F.A.? Son las siglas de Asociaci\u00f3n Fotogr\u00e1fica Alcalare\u00f1a. Asociaci\u00f3n creada el 25 de Julio del a\u00f1o 2008 para fomentar, exponer y apoyar el desarrollo de la fotograf\u00eda en Alcal\u00e1 de Guadaira (Art\u00edculo 3\u00ba de los Estatutos de la Asociaci\u00f3n), con lo que [&hellip;]<\/p>\n","protected":false},"author":5,"featured_media":0,"parent":0,"menu_order":0,"comment_status":"closed","ping_status":"closed","template":"","meta":{"ngg_post_thumbnail":0,"footnotes":""},"class_list":["post-210","page","type-page","status-publish","hentry"],"_links":{"self":[{"href":"https:\/\/afalcala.com.es\/index.php?rest_route=\/wp\/v2\/pages\/210","targetHints":{"allow":["GET"]}}],"collection":[{"href":"https:\/\/afalcala.com.es\/index.php?rest_route=\/wp\/v2\/pages"}],"about":[{"href":"https:\/\/afalcala.com.es\/index.php?rest_route=\/wp\/v2\/types\/page"}],"author":[{"embeddable":true,"href":"https:\/\/afalcala.com.es\/index.php?rest_route=\/wp\/v2\/users\/5"}],"replies":[{"embeddable":true,"href":"https:\/\/afalcala.com.es\/index.php?rest_route=%2Fwp%2Fv2%2Fcomments&post=210"}],"version-history":[{"count":25,"href":"https:\/\/afalcala.com.es\/index.php?rest_route=\/wp\/v2\/pages\/210\/revisions"}],"predecessor-version":[{"id":5019,"href":"https:\/\/afalcala.com.es\/index.php?rest_route=\/wp\/v2\/pages\/210\/revisions\/5019"}],"wp:attachment":[{"href":"https:\/\/afalcala.com.es\/index.php?rest_route=%2Fwp%2Fv2%2Fmedia&parent=210"}],"curies":[{"name":"wp","href":"https:\/\/api.w.org\/{rel}","templated":true}]}}